{"id":4271,"date":"2013-07-31T22:37:22","date_gmt":"2013-07-31T20:37:22","guid":{"rendered":"http:\/\/satellite.nu\/dev\/ketti\/?page_id=4271"},"modified":"2014-12-17T21:06:40","modified_gmt":"2014-12-17T19:06:40","slug":"anmeldelser","status":"publish","type":"page","link":"https:\/\/kettibuenoferrer.dk\/?page_id=4271","title":{"rendered":"Anmeldelser"},"content":{"rendered":"<p><b><a href=\"http:\/\/kettibuenoferrer.dk\/wp-content\/uploads\/2013\/07\/ANMELDELSER_TOP_fotos.jpg\"><img loading=\"lazy\" decoding=\"async\" class=\"aligncenter size-full wp-image-4533\" alt=\"ANMELDELSER_TOP_fotos\" src=\"http:\/\/kettibuenoferrer.dk\/wp-content\/uploads\/2013\/07\/ANMELDELSER_TOP_fotos.jpg\" width=\"1000\" height=\"532\" srcset=\"https:\/\/kettibuenoferrer.dk\/wp-content\/uploads\/2013\/07\/ANMELDELSER_TOP_fotos.jpg 1000w, https:\/\/kettibuenoferrer.dk\/wp-content\/uploads\/2013\/07\/ANMELDELSER_TOP_fotos-300x159.jpg 300w\" sizes=\"auto, (max-width: 1000px) 100vw, 1000px\" \/><\/a><\/b><\/p>\n<p><b>UDTAGELSER OG ANMELDELSER \u00a0OM MIN BOG; \u00a0&#8220;EN KVINDES GUIDE TIL AT NYDE LIVET&#8221;<\/b><\/p>\n<p><a href=\"http:\/\/kettibuenoferrer.dk\/wp-content\/uploads\/2013\/07\/pernille-M-s_h.jpg\"><img loading=\"lazy\" decoding=\"async\" class=\"alignnone size-medium wp-image-4559\" alt=\"pernille M s_h\" src=\"http:\/\/kettibuenoferrer.dk\/wp-content\/uploads\/2013\/07\/pernille-M-s_h-300x200.jpg\" width=\"300\" height=\"200\" srcset=\"https:\/\/kettibuenoferrer.dk\/wp-content\/uploads\/2013\/07\/pernille-M-s_h-300x200.jpg 300w, https:\/\/kettibuenoferrer.dk\/wp-content\/uploads\/2013\/07\/pernille-M-s_h.jpg 640w\" sizes=\"auto, (max-width: 300px) 100vw, 300px\" \/><\/a><\/p>\n<p><b>Pernille Melsted forfatter til de 2 bestseller om Passsion;\u00a0<\/b><\/p>\n<p>&#8220;For SATAN Ketti &#8211; hvor er det en FANTASTISK bog, du har skrevet! Du g\u00f8r mig lykkelig over at v\u00e6re kvinde.&#8221;\u00a0Elsker, elsker, elsker Ketti Bueno Ferrers nye bog En Kvindes Guide Til At Nyde Livet. F\u00e5r lyst til at flirte uh\u00e6mmet, vrikke lidt mere med r*ven og citere hver eneste linje!&#8221;<\/p>\n<p><a href=\"http:\/\/kettibuenoferrer.dk\/wp-content\/uploads\/2013\/07\/215766_10150155761744244_3675295_n.jpg\"><img loading=\"lazy\" decoding=\"async\" class=\"alignnone size-medium wp-image-4560\" alt=\"215766_10150155761744244_3675295_n\" src=\"http:\/\/kettibuenoferrer.dk\/wp-content\/uploads\/2013\/07\/215766_10150155761744244_3675295_n-220x300.jpg\" width=\"220\" height=\"300\" srcset=\"https:\/\/kettibuenoferrer.dk\/wp-content\/uploads\/2013\/07\/215766_10150155761744244_3675295_n-220x300.jpg 220w, https:\/\/kettibuenoferrer.dk\/wp-content\/uploads\/2013\/07\/215766_10150155761744244_3675295_n.jpg 528w\" sizes=\"auto, (max-width: 220px) 100vw, 220px\" \/><\/a><\/p>\n<p><b>Oscar Umahro Cadogan Sundhedsrevolutionen<\/b><\/p>\n<p>&#8220;Kvinder (og m\u00e6nd)! L\u00e6s denne her fantastiske bog af en endnu herligere kvinde! Og hvis I g\u00e5r p\u00e5 hendes kurser, s\u00e5 kan I v\u00e6re helt sikre p\u00e5, at I f\u00e5r livets ypperligste sovs!&#8221;<\/p>\n<p><a href=\"http:\/\/kettibuenoferrer.dk\/wp-content\/uploads\/2013\/07\/943366_10151421089067479_832189339_n.jpg\"><img loading=\"lazy\" decoding=\"async\" class=\"alignnone size-medium wp-image-4578\" alt=\"943366_10151421089067479_832189339_n\" src=\"http:\/\/kettibuenoferrer.dk\/wp-content\/uploads\/2013\/07\/943366_10151421089067479_832189339_n-202x300.jpg\" width=\"202\" height=\"300\" srcset=\"https:\/\/kettibuenoferrer.dk\/wp-content\/uploads\/2013\/07\/943366_10151421089067479_832189339_n-202x300.jpg 202w, https:\/\/kettibuenoferrer.dk\/wp-content\/uploads\/2013\/07\/943366_10151421089067479_832189339_n.jpg 647w\" sizes=\"auto, (max-width: 202px) 100vw, 202px\" \/><\/a><\/p>\n<p><b>Mette Holb\u00e6k anbefaler:<\/b><\/p>\n<p><b>Ny Bog: Vil Du Elske At Nyde Livet Som Kvinde Lidt Mere?<\/b><\/p>\n<p>En f\u00e6nomenal kvinde har netop udgivet sin f\u00f8rste bog, nemlig salsaskoleindehaver, livsnyder extraordinaire og sanse-ekspert Ketti Bueno Ferrer &#8211; som i denne uge udkom med &#8216;En kvindes guide til at nyde livet&#8217;.<\/p>\n<p>Siden jeg m\u00f8dte Ketti f\u00f8rste gang til min veninde Carolines polterabend, har jeg v\u00e6ret forelsket i denne saftige madamme, og heldigvis er den fascination nu endt med, at Kettis livsfilosofi &#8211; st\u00e6rkt inspireret af hendes tid p\u00e5 Cuba &#8211; er udkommet i h\u00e5ndbogs-version.<\/p>\n<p>Det her er bogen til os let k\u00f8lige, totalt tilknappede og nogle gange lidt kropsforskr\u00e6kkede, \u00e5h-s\u00e5-ligestillede danske kvinder, som har glemt, hvor fedt det er at skyde babserne frem, svinge med bagperronen, fiske efter komplimenter &#8211; og lade m\u00e6nd v\u00e6re macho, mens vi selv holder linjen \u00e5ben til s\u00e5rbarhed, femininitet og livs\u00e6dende sanselighed.<\/p>\n<p>Kom i kontakt med din krop og din livslyst igen, og bliv vanvittigt inspireret af kraftfeltet Ketti i denne velskrevne, lettilg\u00e6ngelige og inspirerende bog.<\/p>\n<p><a href=\"http:\/\/kettibuenoferrer.dk\/wp-content\/uploads\/2013\/07\/58827_10151218664199287_291590763_n.jpg\"><img loading=\"lazy\" decoding=\"async\" class=\"alignnone size-medium wp-image-4577\" alt=\"58827_10151218664199287_291590763_n\" src=\"http:\/\/kettibuenoferrer.dk\/wp-content\/uploads\/2013\/07\/58827_10151218664199287_291590763_n-300x300.jpg\" width=\"300\" height=\"300\" srcset=\"https:\/\/kettibuenoferrer.dk\/wp-content\/uploads\/2013\/07\/58827_10151218664199287_291590763_n-300x300.jpg 300w, https:\/\/kettibuenoferrer.dk\/wp-content\/uploads\/2013\/07\/58827_10151218664199287_291590763_n-150x150.jpg 150w, https:\/\/kettibuenoferrer.dk\/wp-content\/uploads\/2013\/07\/58827_10151218664199287_291590763_n.jpg 720w\" sizes=\"auto, (max-width: 300px) 100vw, 300px\" \/><\/a><\/p>\n<p><b>Thorbjorg forfatteren til bestselleren &#8220;10 \u00e5r yngre&#8221;<\/b><\/p>\n<p>&#8220;En kvindes guide til at nyde livet, Ketti Bueno Ferrer&#8221;<\/p>\n<p>Min dansel\u00e6rer og salsadronningen over dem alle har skrevet en bog, jeg tror, du vil kunne lide: En kvindes guide til at nyde livet.<\/p>\n<p>Den handler ikke om motion og kost\u00e6ndringer. Det lader hun mig om. Den handler om kropslighed og kvindelighed! Og tro mig: hun er en sand ekspert!<\/p>\n<p>En kvindes guide til at nyde livet er en inspirerende og livsbekr\u00e6ftende kropsguide, som handler om at tilbageerobre glimtet i \u00f8jet og l\u00e6re at bruge din kvindelighed p\u00e5 den gode og sjove m\u00e5de.<\/p>\n<p><b>MAGASINET PSYKOLOGI SEPTEMBER 2009-09<\/b><\/p>\n<p>Journalist Anne Pia Holmgaard anmelder \u201dEn kvindes guide til at nyde livet\u201d.<\/p>\n<p>TURBO P\u00c5 KVINDELIGHEDEN<\/p>\n<p>\u2022\u00a0\u00a0\u00a0\u00a0\u00a0\u00a0\u00a0\u00a0\u00a0\u00a0 B\u00f8ger \u201dEn kvindes guide til at nyde livet\u201d.<\/p>\n<p>Er en bog, der er b\u00e5ret af et dybt engagement, varme og en k\u00e6rlig tone, der skal l\u00f8fte og tr\u00f8ste de masser af danske kvinder, der har glemt deres kvindelighed. Glemt den? Jamen, jeg tager da h\u00f8je h\u00e6le p\u00e5 hver dag \u2013 og g\u00e5r tit i sommerkjoler? Ketti Bueno Ferrers pointe er, at kvindelighed naturligvis er meget, meget mere end blot damet\u00f8j. Det er en varm, indre ro, der er sanselighed og livsgl\u00e6de, det er sex og dans, leg og lyst. Beslutsomhed, vilje og frodighed. Bogen indeholder mange \u00f8velser, der g\u00e5r direkte p\u00e5 kropssproget, at l\u00e6re at m\u00e6rke kroppen igen \u2013 alt sammen baseret p\u00e5 den aha-oplevelse, Ketti Bueno Ferrer fik, da hun selv var i Cuba og siden ikke har forladt de cubanske kvinders livs- og kropsholdning eller salsaens favntag. En god kombination af tip til hverdagen rent kropsm\u00e6ssigt, til at \u00e5bne de mentale ventiler og droppe perfektheden, hurtige, men effektive guides til meditative teknikker og ikke mindst en dejlig fandenivoldsk tilgang til livsgl\u00e6de og nydelse, g\u00f8r bogen til en ren energibombe. Ikke s\u00e5 s\u00e6rt at kurserne i forfatterens firma Salsa Vida er efterspurgte. Der er h\u00e5b selv for k\u00f8lige danskere.<\/p>\n<p><b>FRA EN L\u00c6SER:<\/b><\/p>\n<p><b>K\u00e6re Ketti<\/b><\/p>\n<p>Tusinde tak for en meget \u00e6rlig og modig bog.\u00a0Jeg kastede mig over dit v\u00e6rk i nat og den holdt mig i den grad v\u00e5gen. Hvor er det sk\u00f8nt og befriende med mennesker som dig, der t\u00f8r\u2026 Din skrivestil er sk\u00f8n, intet pakket ind under gulvt\u00e6ppet, men \u00e6rlig, ligefrem, morsom og f\u00e6ngende \u2013 og s\u00e5 gav den mig i den grad stof til eftertanke!!!! Jeg sprang lidt let og lystigt over dine \u00f8velser, det kr\u00e6vede simpelthen for meget enerig kl. lort i nat og s\u00e5 har jeg det i \u00f8vrigt rigtig sv\u00e6rt med \u00f8velser\u2026. Det giver jo ligeledes stof til eftertanke \u2013 tager dem frem igen, n\u00e5r der kommer to torsdage i ugen, hi, hi..<\/p>\n<p>Du rammer nogle punkter, som for mit vedkommende, er meget f\u00f8lsomme, idet jeg ikke engang selv ved, om jeg er \u00e6rlig overfor mig selv, hvilket jo absolut er lidt af et dilemma og kr\u00e6ver utallige ressourcer at tage fat p\u00e5.<\/p>\n<p>I f\u00f8rst omgang har jeg pillet alt det sjove ud ( springer over, hvor g\u00e6rdet er lavest\u2026) og du fik mig i den grad til at tage aktion p\u00e5 min dag i dag, hvor jeg efter dejlig motivation fra dig, har valgt at holde en l\u00e6nge tiltr\u00e6ngt fridag. Jeg har f\u00e5et arrangeret overnatning for min mindste s\u00f8n, st\u00f8vsuget hele hytten, mens jeg fandt det sk\u00f8nneste musik frem. Har danset, mens jeg flyttede st\u00f8vet og aflyst et aftenarrangement med nogle totalt ligegyldige mennesker. Et af de af dine emner, jeg allerede har besluttet mig for at g\u00f8re noget ved. Stort set er hver aften i mit liv booket med \u201cfyld\u201d, hvilket g\u00f8r, at jeg simpelthen er for tr\u00e6t til at m\u00f8des med de mennesker, der virkelig betyder noget. Min aflysning til aftenarrangementet og overnatningen for min s\u00f8n, har gjort, at jeg ikke beh\u00f8ver foretage mig noget som helst andet end at tage et sk\u00f8nt bad, klaske mig selv p\u00e5 ballerne, hi, hi, if\u00f8re mig nogle fornuftige klude, g\u00e5 ned og handle (kan ikke huske, hvorn\u00e5r jeg sidst har pushet dagligvare!!!), k\u00f8be nogle sk\u00f8nne blomster, lave en lille hyggelig middag (kan ligeledes ikke huske, hvorn\u00e5r jeg har lavet mad, mine unger mener slet ikke jeg kan og det kan sgu da ogs\u00e5 godt v\u00e6re, at jeg har glemt det, men s\u00e5 m\u00e5 jeg jo tage fat i Karoline b\u00f8gerne anno 1979!!!), sove til middag (noget jeg har savnet lige siden jeg fik mit f\u00f8rste barn for 17 \u00e5r siden og ikke har praktiseret mere end p\u00e5 vores bryllupsrejse for et \u00e5rti siden!!), v\u00e6re overskudsagtig (h\u00e5ber jeg), n\u00e5r min mand kommer hjem og finder ud af, at han ikke skal i det stive puds \u2013 tror faktisk ogs\u00e5 han synes, at det er helt befriende, selvom han er en party-haj.<\/p>\n<p>Udover dagen i dag, gav du mig inspiration til at lave en aftale med en veninde, som har f\u00e5et hendes 3. barn for et halvt \u00e5r siden og som jeg selvf\u00f8lgelig ikke har haft tid til at bes\u00f8ge endnu (totalt langt ude og flovt), lave en overnatning i n\u00e6ste uge hos min sk\u00f8nne og kloge 92 \u00e5rige mormor, som still is going strong. Fork\u00e6le hende et par dage med morgenmad p\u00e5 sengen og en k\u00f8retur i Tivoli.<\/p>\n<p>Hvis du kan bibringe andre kvinder det samme som du har givet mig, er jeg sikker p\u00e5 at du har kreeret en bestseller \u2013 tillykkke, tillykke og max tak for et wake up call \u2013 nu er der fanme ingen undskyldninger for at h\u00e6nge i bremsen!!!!!!!<\/p>\n<p>De k\u00e6rligste tanker<\/p>\n<p>Elsebeth<\/p>\n<p><b>Fra en l\u00e6ser af FEMINA<\/b><\/p>\n<p>Smukke og vise ord fra en smuk kvinde.. Og det er et meget relevant og vigtigt emne.. det kan bare ikke passe at vi kvinder i 2009 skal v\u00e6re &#8220;m\u00e6nd&#8221; eller i hvert fald p\u00e5tage os deres karakterer, f\u00f8lelser (eller manglende) og v\u00e6rdier for at blive accepteret i feks. toppen af erhvervslivet..Jeg synes det er utroligt vigtigt at fjerne tabuet fra ord som &#8220;sensualitet, s\u00e5rbarhed og f\u00f8lsomhed&#8221;. Disse er egenskaber der karakteriserer os som kvinder. Der ER en forskel mellem mand og kvinde.. og det er der IKKE NOGET GALT I!! Selvf\u00f8lgelig skal vi ikke underl\u00e6gge os m\u00e6nds vilje og tilbage til k\u00f8dgryderne, men vi skal fanme ogs\u00e5 havde lov til at v\u00e6re feminine og kvindelige, og stadig blive taget seri\u00f8se (is\u00e6r blandt os selv..!)<\/p>\n<p><b>Fra en brevvkasse p\u00e5 nettet om at veje for lidt &#8211; eller for meget:<\/b><\/p>\n<p>Jeg kan ikke lade v\u00e6re at t\u00e6nke p\u00e5, at n\u00e5r du skal tage p\u00e5, s\u00e5 m\u00e5 det have et v\u00e6sentligt punkt tilf\u00e6lles med n\u00e5r man skal tabe sig, nemlig at man er voldsomt fokuseret p\u00e5, hvad man skal spise, hvorn\u00e5r etc. Det er s\u00e5 irriterende! Pr\u00f8v at overd\u00f8ve det med noget rart &#8211; jeg mener, stil efter at g\u00f8re &#8211; flere &#8211; ting, du holder af, v\u00e6re sammen med &#8211; endnu &#8211; flere, du holder af, h\u00f8r musik, du elsker eller hvad du nu synes er bedst.<\/p>\n<p>Der er lige kommet en bog p\u00e5 forlaget Pretty Ink, s\u00e5 jeg i dag. Og den kan du m\u00e5ske bruge til noget. Den hedder En kvindes guide til at nyde livet og er skrevet af Ketti Bueno Ferrer. Desv\u00e6rre kan man jo endnu ikke l\u00e5ne den p\u00e5 biblioteket, men den kunne efter beskrivelsen i berlingskes sektion Fri nu godt risikere at v\u00e6re de der 249,95 kr. v\u00e6rd &#8211; jeg er da i hvert fald selv fristet til at k\u00f8be den. L\u00e6s evt denne omtale af den &#8211; linket fra <a href=\"http:\/\/berlingske.dk\/\">berlingske.dk<\/a> s sektion Fri kommer her &#8211; s\u00e6t selv www foran:<\/p>\n<p><a href=\"http:\/\/fri.dk\/personlig-udvikling\/kvinde-saadan-nyder-du-livet\">fri.dk\/personlig-udvikling\/kvinde-saadan-nyder-du-livet<\/a><\/p>\n<p>&nbsp;<\/p>\n","protected":false},"excerpt":{"rendered":"<p>UDTAGELSER OG ANMELDELSER \u00a0OM MIN BOG; \u00a0&#8220;EN KVINDES GUIDE TIL AT NYDE LIVET&#8221; Pernille Melsted forfatter til de 2 bestseller om Passsion;\u00a0 &#8220;For SATAN Ketti &#8211; hvor er det en FANTASTISK bog, du har skrevet! Du g\u00f8r mig lykkelig over at v\u00e6re kvinde.&#8221;\u00a0Elsker, elsker, elsker Ketti Bueno Ferrers nye bog En Kvindes Guide Til At [&hellip;]<\/p>\n","protected":false},"author":2,"featured_media":0,"parent":0,"menu_order":0,"comment_status":"closed","ping_status":"closed","template":"","meta":{"footnotes":""},"class_list":["post-4271","page","type-page","status-publish","hentry"],"yoast_head":"<!-- This site is optimized with the Yoast SEO plugin v27.3 - https:\/\/yoast.com\/product\/yoast-seo-wordpress\/ -->\n<title>Anmeldelser - Ketti Bueno Ferrer<\/title>\n<meta name=\"robots\" content=\"index, follow, max-snippet:-1, max-image-preview:large, max-video-preview:-1\" \/>\n<link rel=\"canonical\" href=\"https:\/\/kettibuenoferrer.dk\/?page_id=4271\" \/>\n<meta property=\"og:locale\" content=\"da_DK\" \/>\n<meta property=\"og:type\" content=\"article\" \/>\n<meta property=\"og:title\" content=\"Anmeldelser - Ketti Bueno Ferrer\" \/>\n<meta property=\"og:description\" content=\"UDTAGELSER OG ANMELDELSER \u00a0OM MIN BOG; \u00a0&#8220;EN KVINDES GUIDE TIL AT NYDE LIVET&#8221; Pernille Melsted forfatter til de 2 bestseller om Passsion;\u00a0 &#8220;For SATAN Ketti &#8211; hvor er det en FANTASTISK bog, du har skrevet! Du g\u00f8r mig lykkelig over at v\u00e6re kvinde.&#8221;\u00a0Elsker, elsker, elsker Ketti Bueno Ferrers nye bog En Kvindes Guide Til At [&hellip;]\" \/>\n<meta property=\"og:url\" content=\"https:\/\/kettibuenoferrer.dk\/?page_id=4271\" \/>\n<meta property=\"og:site_name\" content=\"Ketti Bueno Ferrer\" \/>\n<meta property=\"article:modified_time\" content=\"2014-12-17T19:06:40+00:00\" \/>\n<meta property=\"og:image\" content=\"http:\/\/kettibuenoferrer.dk\/wp-content\/uploads\/2013\/07\/ANMELDELSER_TOP_fotos.jpg\" \/>\n<meta name=\"twitter:label1\" content=\"Estimeret l\u00e6setid\" \/>\n\t<meta name=\"twitter:data1\" content=\"8 minutter\" \/>\n<script type=\"application\/ld+json\" class=\"yoast-schema-graph\">{\"@context\":\"https:\\\/\\\/schema.org\",\"@graph\":[{\"@type\":\"WebPage\",\"@id\":\"https:\\\/\\\/kettibuenoferrer.dk\\\/?page_id=4271\",\"url\":\"https:\\\/\\\/kettibuenoferrer.dk\\\/?page_id=4271\",\"name\":\"Anmeldelser - Ketti Bueno Ferrer\",\"isPartOf\":{\"@id\":\"https:\\\/\\\/kettibuenoferrer.dk\\\/#website\"},\"primaryImageOfPage\":{\"@id\":\"https:\\\/\\\/kettibuenoferrer.dk\\\/?page_id=4271#primaryimage\"},\"image\":{\"@id\":\"https:\\\/\\\/kettibuenoferrer.dk\\\/?page_id=4271#primaryimage\"},\"thumbnailUrl\":\"http:\\\/\\\/kettibuenoferrer.dk\\\/wp-content\\\/uploads\\\/2013\\\/07\\\/ANMELDELSER_TOP_fotos.jpg\",\"datePublished\":\"2013-07-31T20:37:22+00:00\",\"dateModified\":\"2014-12-17T19:06:40+00:00\",\"breadcrumb\":{\"@id\":\"https:\\\/\\\/kettibuenoferrer.dk\\\/?page_id=4271#breadcrumb\"},\"inLanguage\":\"da-DK\",\"potentialAction\":[{\"@type\":\"ReadAction\",\"target\":[\"https:\\\/\\\/kettibuenoferrer.dk\\\/?page_id=4271\"]}]},{\"@type\":\"ImageObject\",\"inLanguage\":\"da-DK\",\"@id\":\"https:\\\/\\\/kettibuenoferrer.dk\\\/?page_id=4271#primaryimage\",\"url\":\"https:\\\/\\\/kettibuenoferrer.dk\\\/wp-content\\\/uploads\\\/2013\\\/07\\\/ANMELDELSER_TOP_fotos.jpg\",\"contentUrl\":\"https:\\\/\\\/kettibuenoferrer.dk\\\/wp-content\\\/uploads\\\/2013\\\/07\\\/ANMELDELSER_TOP_fotos.jpg\",\"width\":1000,\"height\":532},{\"@type\":\"BreadcrumbList\",\"@id\":\"https:\\\/\\\/kettibuenoferrer.dk\\\/?page_id=4271#breadcrumb\",\"itemListElement\":[{\"@type\":\"ListItem\",\"position\":1,\"name\":\"Hjem\",\"item\":\"https:\\\/\\\/kettibuenoferrer.dk\\\/\"},{\"@type\":\"ListItem\",\"position\":2,\"name\":\"Anmeldelser\"}]},{\"@type\":\"WebSite\",\"@id\":\"https:\\\/\\\/kettibuenoferrer.dk\\\/#website\",\"url\":\"https:\\\/\\\/kettibuenoferrer.dk\\\/\",\"name\":\"Ketti Bueno Ferrer\",\"description\":\"Livets sovs\",\"potentialAction\":[{\"@type\":\"SearchAction\",\"target\":{\"@type\":\"EntryPoint\",\"urlTemplate\":\"https:\\\/\\\/kettibuenoferrer.dk\\\/?s={search_term_string}\"},\"query-input\":{\"@type\":\"PropertyValueSpecification\",\"valueRequired\":true,\"valueName\":\"search_term_string\"}}],\"inLanguage\":\"da-DK\"}]}<\/script>\n<!-- \/ Yoast SEO plugin. -->","yoast_head_json":{"title":"Anmeldelser - Ketti Bueno Ferrer","robots":{"index":"index","follow":"follow","max-snippet":"max-snippet:-1","max-image-preview":"max-image-preview:large","max-video-preview":"max-video-preview:-1"},"canonical":"https:\/\/kettibuenoferrer.dk\/?page_id=4271","og_locale":"da_DK","og_type":"article","og_title":"Anmeldelser - Ketti Bueno Ferrer","og_description":"UDTAGELSER OG ANMELDELSER \u00a0OM MIN BOG; \u00a0&#8220;EN KVINDES GUIDE TIL AT NYDE LIVET&#8221; Pernille Melsted forfatter til de 2 bestseller om Passsion;\u00a0 &#8220;For SATAN Ketti &#8211; hvor er det en FANTASTISK bog, du har skrevet! Du g\u00f8r mig lykkelig over at v\u00e6re kvinde.&#8221;\u00a0Elsker, elsker, elsker Ketti Bueno Ferrers nye bog En Kvindes Guide Til At [&hellip;]","og_url":"https:\/\/kettibuenoferrer.dk\/?page_id=4271","og_site_name":"Ketti Bueno Ferrer","article_modified_time":"2014-12-17T19:06:40+00:00","og_image":[{"url":"http:\/\/kettibuenoferrer.dk\/wp-content\/uploads\/2013\/07\/ANMELDELSER_TOP_fotos.jpg","type":"","width":"","height":""}],"twitter_misc":{"Estimeret l\u00e6setid":"8 minutter"},"schema":{"@context":"https:\/\/schema.org","@graph":[{"@type":"WebPage","@id":"https:\/\/kettibuenoferrer.dk\/?page_id=4271","url":"https:\/\/kettibuenoferrer.dk\/?page_id=4271","name":"Anmeldelser - Ketti Bueno Ferrer","isPartOf":{"@id":"https:\/\/kettibuenoferrer.dk\/#website"},"primaryImageOfPage":{"@id":"https:\/\/kettibuenoferrer.dk\/?page_id=4271#primaryimage"},"image":{"@id":"https:\/\/kettibuenoferrer.dk\/?page_id=4271#primaryimage"},"thumbnailUrl":"http:\/\/kettibuenoferrer.dk\/wp-content\/uploads\/2013\/07\/ANMELDELSER_TOP_fotos.jpg","datePublished":"2013-07-31T20:37:22+00:00","dateModified":"2014-12-17T19:06:40+00:00","breadcrumb":{"@id":"https:\/\/kettibuenoferrer.dk\/?page_id=4271#breadcrumb"},"inLanguage":"da-DK","potentialAction":[{"@type":"ReadAction","target":["https:\/\/kettibuenoferrer.dk\/?page_id=4271"]}]},{"@type":"ImageObject","inLanguage":"da-DK","@id":"https:\/\/kettibuenoferrer.dk\/?page_id=4271#primaryimage","url":"https:\/\/kettibuenoferrer.dk\/wp-content\/uploads\/2013\/07\/ANMELDELSER_TOP_fotos.jpg","contentUrl":"https:\/\/kettibuenoferrer.dk\/wp-content\/uploads\/2013\/07\/ANMELDELSER_TOP_fotos.jpg","width":1000,"height":532},{"@type":"BreadcrumbList","@id":"https:\/\/kettibuenoferrer.dk\/?page_id=4271#breadcrumb","itemListElement":[{"@type":"ListItem","position":1,"name":"Hjem","item":"https:\/\/kettibuenoferrer.dk\/"},{"@type":"ListItem","position":2,"name":"Anmeldelser"}]},{"@type":"WebSite","@id":"https:\/\/kettibuenoferrer.dk\/#website","url":"https:\/\/kettibuenoferrer.dk\/","name":"Ketti Bueno Ferrer","description":"Livets sovs","potentialAction":[{"@type":"SearchAction","target":{"@type":"EntryPoint","urlTemplate":"https:\/\/kettibuenoferrer.dk\/?s={search_term_string}"},"query-input":{"@type":"PropertyValueSpecification","valueRequired":true,"valueName":"search_term_string"}}],"inLanguage":"da-DK"}]}},"_links":{"self":[{"href":"https:\/\/kettibuenoferrer.dk\/index.php?rest_route=\/wp\/v2\/pages\/4271","targetHints":{"allow":["GET"]}}],"collection":[{"href":"https:\/\/kettibuenoferrer.dk\/index.php?rest_route=\/wp\/v2\/pages"}],"about":[{"href":"https:\/\/kettibuenoferrer.dk\/index.php?rest_route=\/wp\/v2\/types\/page"}],"author":[{"embeddable":true,"href":"https:\/\/kettibuenoferrer.dk\/index.php?rest_route=\/wp\/v2\/users\/2"}],"replies":[{"embeddable":true,"href":"https:\/\/kettibuenoferrer.dk\/index.php?rest_route=%2Fwp%2Fv2%2Fcomments&post=4271"}],"version-history":[{"count":15,"href":"https:\/\/kettibuenoferrer.dk\/index.php?rest_route=\/wp\/v2\/pages\/4271\/revisions"}],"predecessor-version":[{"id":4794,"href":"https:\/\/kettibuenoferrer.dk\/index.php?rest_route=\/wp\/v2\/pages\/4271\/revisions\/4794"}],"wp:attachment":[{"href":"https:\/\/kettibuenoferrer.dk\/index.php?rest_route=%2Fwp%2Fv2%2Fmedia&parent=4271"}],"curies":[{"name":"wp","href":"https:\/\/api.w.org\/{rel}","templated":true}]}}